{"id":2,"date":"2024-12-28T13:12:47","date_gmt":"2024-12-28T16:12:47","guid":{"rendered":"https:\/\/motos-motor.com.br\/fipem\/?page_id=2"},"modified":"2025-10-28T11:17:38","modified_gmt":"2025-10-28T14:17:38","slug":"sobre","status":"publish","type":"page","link":"https:\/\/motos-motor.com.br\/fipem\/sobre\/","title":{"rendered":"Sobre"},"content":{"rendered":"\n<p>O <strong>Tabela Fipe Motos<\/strong> foi criado para consultas r\u00e1pidas de hist\u00f3rico de pre\u00e7os de motocicletas e similares com base em dados p\u00fablicos oficiais da <strong>Tabela Fipe<\/strong>, a principal refer\u00eancia para o mercado de ve\u00edculos no Brasil, atualizado mensalmente.<\/p>\n\n\n\n<p>Com ele, voc\u00ea pode:<\/p>\n\n\n\n<ul class=\"wp-block-list\">\n<li><strong>Visualizar o valor de mercado<\/strong> de qualquer modelo de moto, desde que cotado pela Fipe.<\/li>\n\n\n\n<li><strong>Analisar o hist\u00f3rico dos pre\u00e7os<\/strong> ao longo dos \u00faltimos anos.<\/li>\n\n\n\n<li><strong>Garantir a melhor negocia\u00e7\u00e3o<\/strong>, seja na compra ou na venda.<\/li>\n<\/ul>\n","protected":false},"excerpt":{"rendered":"<p>O Tabela Fipe Motos foi criado para consultas r\u00e1pidas de hist\u00f3rico de pre\u00e7os de motocicletas e similares com base em dados p\u00fablicos oficiais da Tabela Fipe, a principal refer\u00eancia para o mercado de ve\u00edculos no Brasil, atualizado mensalmente. Com ele, voc\u00ea pode:<\/p>\n","protected":false},"author":1,"featured_media":0,"parent":0,"menu_order":0,"comment_status":"closed","ping_status":"closed","template":"","meta":{"footnotes":""},"class_list":["post-2","page","type-page","status-publish","hentry"],"_links":{"self":[{"href":"https:\/\/motos-motor.com.br\/fipem\/wp-json\/wp\/v2\/pages\/2","targetHints":{"allow":["GET"]}}],"collection":[{"href":"https:\/\/motos-motor.com.br\/fipem\/wp-json\/wp\/v2\/pages"}],"about":[{"href":"https:\/\/motos-motor.com.br\/fipem\/wp-json\/wp\/v2\/types\/page"}],"author":[{"embeddable":true,"href":"https:\/\/motos-motor.com.br\/fipem\/wp-json\/wp\/v2\/users\/1"}],"replies":[{"embeddable":true,"href":"https:\/\/motos-motor.com.br\/fipem\/wp-json\/wp\/v2\/comments?post=2"}],"version-history":[{"count":0,"href":"https:\/\/motos-motor.com.br\/fipem\/wp-json\/wp\/v2\/pages\/2\/revisions"}],"wp:attachment":[{"href":"https:\/\/motos-motor.com.br\/fipem\/wp-json\/wp\/v2\/media?parent=2"}],"curies":[{"name":"wp","href":"https:\/\/api.w.org\/{rel}","templated":true}]}}